 by m(-6).
32
Suppose 5*a - 496 - 254 = 3*x, 304 = 2*a - 2*x. What is the remainder when 2345 is divided by a?
140
Suppose -394*s = -390*s - 1632. Let l = s + -298. Calculate the remainder when l is divided by 30.
20
Suppose i - 366 = -2*i. Let b = -50 + i. Calculate the remainder when b is divided by ((-12)/10)/(1332/45 - 29) + 40.
34
Let m(t) = 4*t**2 - 17*t - 3. Let v(l) = 3*l**2 - 17*l - 5. Let i(p) = 2*m(p) - 3*v(p). What is the remainder when i(8) is divided by 18?
9
Let x be 2/(-4)*(-60 - 0). What is the remainder when 18/((x/(-18))/(-5)) is divided by 11?
10
Suppose -4 = 3*q + y - 2*y, 16 = q + 4*y. Suppose q = 2*t - o - 40, 58 = 3*t - 0*o - o. What is the remainder when t is divided by (4/(-2 + 3))/1?
2
Let x be 1/((6/4)/(-12 - -15)). Calculate the remainder when (-1826)/(-11) - (-5 - x) is divided by 44.
41
Suppose 0 = 5*z + 5*i - 2245, -2*i - 494 = 5*z - 2748. Suppose -z*f + 456*f - 216 = 0. Calculate the remainder when f is divided by 29.
25
Suppose 0 = 3*t - 10*t. Suppose 4*b + 40 = 6*w - 3*w, -5*w + 2*b + 76 = t. What is the remainder when 29 is divided by (-33)/22*w/(-3)?
5
Suppose -k - 2 = y - 1, 5*y + 4*k = -2. Suppose 2 = y*q + 10. Calculate the remainder when 106/2 + q/2 is divided by 21.
9
Let m = 1147 + -1133. Calculate the remainder when 3275 is divided by m.
13
Suppose -237*v + 108965 = -89404. What is the remainder when v is divided by 35?
32
Suppose 53057 + 268978 = 35*r. Calculate the remainder when r is divided by 214.
213
Let j be (-2)/14 - (-96798)/14. Suppose -38*l + 34468 = -j. What is the remainder when l is divided by 28?
25
Let y(w) = 1120*w - 2653. What is the remainder when y(4) is divided by 10?
7
Let v be 1 + -2 + 1044 + 0. Suppose -25*d + v + 32 = 0. Calculate the remainder when d is divided by 37.
6
Let g be (-468)/(-10)*(-30)/24*-2. Suppose 15*w + g = 18*w. What is the remainder when w is divided by 10?
9
Let q = -122 + 137. Let y(d) = d**3 - 8*d**2 + 15*d - 9. Calculate the remainder when q is divided by y(6).
6
Suppose -4*x - 5*y + 448 = 0, 0 + 8 = -2*y. Let j = x - 33. What is the remainder when j is divided by 30?
24
Suppose 86*f - 983 - 15202 = 21*f. Calculate the remainder when f is divided by 9.
6
Let b = 107 - 102. Suppose b*s + 33 = 8*s. What is the remainder when 84 is divided by s?
7
Let l(r) = r**3 + 23*r**2 - 8*r - 62. What is the remainder when 418 is divided by l(-23)?
52
Calculate the remainder when ((-9700)/(-60))/(1/3) is divided by 62.
51
Let i = 9494 + -9438. What is the remainder when 2683 is divided by i?
51
Suppose -s = 5*v - 907, -v + 7*s = 2*s - 197. Suppose 5*b = v + 393. What is the remainder when b is divided by 24?
19
What is the remainder when (64335/(-6))/(-3 + 56/32) is divided by 13?
11
Let f be ((-420)/36)/((-1)/12*1). Suppose -17*r - 60 = -2*t - 19*r, 5*r = 5*t - f. Calculate the remainder when 2/(4/6)*27 is divided by t.
23
Suppose -5*j - 5*o + 60 = 0, -2*j - 4 = -3*j + o. Let q = 46 + -41. Suppose 5*n - 129 = -q*t - 34, -t + 19 = -3*n. What is the remainder when t is divided by j?
3
Let u be 12 + ((-322)/35 - (-8)/40). Let q = -12 - -17. Suppose u*g = -a + 200, q*a = 3*g + 32 - 238. What is the remainder when g is divided by 18?
13
Let h(t) = -51*t**3 + 10*t**2 + 29*t + 15. What is the remainder when h(-6) is divided by 20?
17
Let p(i) = 60*i - 1353. Calculate the remainder when 729 is divided by p(23).
0
Let s be (1/(-2))/1*2. Calculate the remainder when 46 is divided by (16 - 15) + (10 - s).
10
Let j = -2430 + 2780. What is the remainder when j is divided by 176?
174
Let n = 2982 + -2967. Calculate the remainder when (-690)/(-25) + 2/5 is divided by n.
13
Let p(d) = d + 3. Let x be p(1). Calculate the remainder when x/(-8)*6*-4 is divided by 7.
5
Suppose 2*f = -4*n + 110, -4*f + 43 + 141 = 2*n. Calculate the remainder when 684 is divided by f.
39
Suppose -20 = 4*t - 3*d, -2 = -2*t - 2*d + 2. Let r = -3 + 10. What is the remainder when (1/t)/(2/(-44)) is divided by r?
4
Let i(a) = -a**2 - 30*a - 90. Calculate the remainder when 214 is divided by i(-12).
88
Let s be -4*(3 + -1)/(8/10). Let x be s/(-2)*224/(-80). Calculate the remainder when 12 is divided by (21/x)/((-3)/20).
2
Suppose t - 5*v - 33 = 89, 5*t = 2*v + 748. What is the remainder when t is divided by 40?
32
Let c = 49 + -28. Let b be (-1 - (-1306)/4)*72/c. Suppose -12*h - 360 = -b. What is the remainder when h is divided by 14?
7
Let c be 0 + 6 - (-15)/(-5). Suppose c*m + 344 = 5*u + m, -2*u - 2*m = -146. Calculate the remainder when 270 is divided by u.
60
Let c = -11906 + 12042. Calculate the remainder when 503 is divided by c.
95
Let y(b) = 3*b + 49. Let l be y(-12). Suppose -796 = l*m - 17*m. Calculate the remainder when m is divided by 68.
63
Let g = -39 - -590. Suppose -281*s = -13323 + 4612. What is the remainder when (-3)/(-9) - g/(-3) is divided by s?
29
Suppose 28*p = 33*p - 305. Calculate the remainder when 15/(-6)*(-32620)/350 is divided by p.
50
Calculate the remainder when 17479 is divided by (((-456)/(-7))/(-6))/(110/(-385)).
37
Let b(w) = 2*w**3 - 2*w**2 - 2*w + 5. Let i be b(4). Suppose -246 = 55*g - 52*g. Let r = i + g. Calculate the remainder when r is divided by 6.
5
Suppose 9627 = 4*c - 5*u, -2*c - 3*u + 4846 = u. Calculate the remainder when c is divided by 16.
13
Calculate the remainder when (-3262)/233 - (-156)/11 - (-8490)/11 is divided by 167.
104
Calculate the remainder when 1403 is divided by (2680/(-120))/((-1)/((-3)/(-1))).
63
Let r = 3884 - 3328. Calculate the remainder when r is divided by 177.
25
Suppose 0 = 118*n - 78*n + 11080. Let b = 311 + n. Let z(t) = t**3 + 6*t**2 - 8*t + 5. What is the remainder when b is divided by z(-7)?
10
Let b(s) = -37*s + 2185. Let q = -315 + 587. Calculate the remainder when q is divided by b(58).
38
Let h(i) = 114*i + 6. Suppose 37 = 4*w - 5*x, -3*w - 4*x = -2*x + 1. Let m be h(w). Suppose -5*k - m = -9*k. What is the remainder when k is divided by 22?
21
Let p(w) = -4*w - 34. Let j be p(-9). Suppose -3*d + 541 = -2*m, j*d + 4*m - 366 = -0*m. Calculate the remainder when d is divided by (16 + -12)*(-74)/(-8).
33
Suppose w = x - 364, 9*x - 3*w = 5*x + 1456. Calculate the remainder when x is divided by 120.
4
Let s(t) = -10*t**2 + 13*t - t - 2 + t**3 + 2*t**2. Let y be s(6). Calculate the remainder when 125 is divided by (-704)/(-33)*(-3)/y.
29
Let b(q) = 12*q - 295. Suppose 2*h + 3*s = -h + 60, 3*s + 48 = 3*h. Calculate the remainder when b(38) is divided by h.
17
Let k = -435 + 451. What is the remainder when k is divided by 6/(2/(8/2))?
4
Suppose -90 = -k - n + 5*n, 2*k + n - 153 = 0. Suppose -t = -k + 53. What is the remainder when 91 is divided by t + -3 + 1 + 1?
19
Let g be 34/(-51) - 736/3. Let c = -232 - g. Calculate the remainder when 26 is divided by c.
12
Calculate the remainder when 476 is divided by (198/132)/(6/664).
144
Let k(i) = -2*i**2 - 15*i + 2. Let y be k(-8). Let x be 37/y + 6 - 86/(-12). What is the remainder when 4 is divided by 0 + x + (-4 - -1)?
0
Suppose -o = -122 - 4. What is the remainder when o is divided by 25 - (840/5)/12?
5
Suppose 4555246 = 259*d + 190*d + 89*d. Calculate the remainder when d is divided by 77.
74
Let i be ((-4)/(-8) - (-133)/14) + -6. Suppose -3*t = -i*a + 215 + 1165, 0 = -4*a - 4*t + 1352. What is the remainder when a is divided by 86?
84
Let b = 13411 - 13387. What is the remainder when 1/(-1) + 2 - -212 is divided by b?
21
Let c = -481 - -483. Suppose 2*u - 27 - 185 = 0. What is the remainder when u is divided by ((-8)/16)/(c/(-36))?
7
Let r = 70 - 67. Suppose 0 = -r*t + 4*t + 4*w - 13, 5 = 5*w. What is the remainder when 28 is divided by t?
1
Let l(k) = -2*k + k**3 - 2 + 1 - k**2 + 2*k**2 - 7*k**3. Suppose 5*i = 3*y - 19, 0*i + 27 = -y - 5*i. What is the remainder when l(y) is divided by 15?
10
Let t(g) = 2*g**2 + 43*g - 4. Let j = 96 + -118. Calculate the remainder when 121 is divided by t(j).
13
Let x = -95 + 102. Suppose -150 = -x*r + 11. Calculate the remainder when r is divided by 8.
7
Let d = -11494 + 11634. What is the remainder when d is divided by 108?
32
Suppose 3 = -5*q + 5*g + 18, 2*q = -2*g + 6. Suppose 0 = -q*x + 3*u + 39, 2*x - u + 3*u - 26 = 0. Calculate the remainder when 25 is divided by x.
12
Let s = 2883 - -2245. Calculate the remainder when s is divided by 17.
1